rime factors of t?
2, 5
Let g = -113402 + 167341. List the prime factors of g.
53939
Let u be 2/((-856)/430 + 2). Suppose 29*p - 2971 - 625 = 0. Let n = u - p. List the prime factors of n.
7, 13
Let f(n) = -n**3 + 14*n**2 - 15*n - 23. Let j be f(13). What are the prime factors of ((-552)/14)/(7/j)?
2, 3, 23
Suppose -5*q + 9*q = -12. Let v = q + 14. What are the prime factors of 1/(2/(-4)) + (48 - v)?
5, 7
Suppose 9*w = 16*w - 7. Let p(l) = 489*l**2 + 4*l - 3. List the prime factors of p(w).
2, 5, 7
Let s(p) be the second derivative of 6*p**5/5 + p**4/3 - 23*p**3/6 + 2*p**2 + 161*p. What are the prime factors of s(3)?
619
Let d be ((-7)/((-14)/(-510)))/(36/(-312)). Suppose -5*s = 5*r - d, -2*r + r = -5*s + 2180. List the prime factors of s.
19, 23
Let h = 2 - -1646. What are the prime factors of h?
2, 103
Let k(z) = -z**3 - 4*z**2 - 1. Suppose 1 = 6*m - 5*m - 4*l, -m - 9 = l. What are the prime factors of k(m)?
2, 73
Let i(x) = -x**3 + 9*x - 16. Let j be i(-4). Let q(n) = 84*n + 228. List the prime factors of q(j).
2, 3, 103
Suppose 82*t - 1179111 = 668677. List the prime factors of t.
2, 19, 593
Suppose -l + 2*s - 72 = -0*s, 4*l + 4*s = -228. Let o be (279/l)/(1/(-2)). List the prime factors of (-2)/o + (-75)/27 + 180.
3, 59
List the prime factors of (18644/(-6))/(22 + 3468/(-153)).
59, 79
Suppose 765 = 5*m - 3*s + 8*s, 0 = 4*s. Let x = m - -297. Suppose -x = 9*u - 14*u. List the prime factors of u.
2, 3, 5
Let l(y) = 25*y**2 + 16*y - 58. Let c be l(6). Let h = c - 529. List the prime factors of h.
409
Let h(c) = -c + 3. Let g(u) = u**2 + 3*u - 3. Let j be g(-3). Let b be h(j). What are the prime factors of (-152 + b)/(4/(-2))?
73
Suppose -11*j - 143*j = -518323 - 773891. List the prime factors of j.
3, 2797
Suppose -2879 - 1761 = -8*n. Suppose -1812 = -8*k + n. Let x = k + -66. List the prime factors of x.
233
Suppose -m = 3*h + 2*h - 1815, 2*h = -m + 729. Let r(j) = j - 171. Let x be r(-27). Let a = h + x. What are the prime factors of a?
2, 41
Let k(p) be the second derivative of 1/4*p**4 - 17/2*p**2 + 25*p + 0 - 4/3*p**3. What are the prime factors of k(7)?
2, 37
Let m be (-5)/(-6) + 1 + (-1)/(-6). List the prime factors of (49/7 + -57)*(-23 - m).
2, 5
Suppose 4*v + 5*d = 4499, -2*v + 5*d + 2249 = 8*d. What are the prime factors of v?
2, 563
Suppose 3816 = 3*o - s, 5*s + 3819 = 3*o + 3*s. Suppose -5*d + o = 4*v, -4*d + 5*d - 2*v - 243 = 0. List the prime factors of d.
251
Let s = 226 - 221. Suppose -s*h + 2*f = 4*f - 1137, -5*f = 5*h - 1125. What are the prime factors of h?
229
Suppose 21*z - 26*z = -p + 1822, -5*p + 9230 = 5*z. What are the prime factors of p?
2, 3, 307
Suppose -13870*n - 58032 = -13886*n. List the prime factors of n.
3, 13, 31
Let q be (-23)/(-9) - (-160)/360. Suppose 0 = -u - 3*u + 16. Suppose 2*y - u = 0, -q*y + 343 = 3*c - 386. What are the prime factors of c?
241
Let o(w) = 3*w - 12*w + 208*w**2 - 206*w**2 - 12. Let q be o(6). What are the prime factors of (-8)/((-3)/(315/q))?
2, 5, 7
Suppose 3*g + r = 150, -g = 3*r - 5*r - 50. Let b = 53 - g. Suppose -b*h + 874 = 4*l, 3*l + 0*h - 662 = h. List the prime factors of l.
2, 5, 11
Let q be 3*(-10)/(-15)*(-83)/(-2). Let p = 88 - q. Suppose -p*d = -3*v + 166, v + 8 - 50 = -d. List the prime factors of v.
47
Suppose -5*t + 20 = 0, 0 = -9*l + 4*l - t + 19. Let v(k) = 279*k + 152. What are the prime factors of v(l)?
23, 43
List the prime factors of -4*9/(-18)*148383/9.
2, 16487
Suppose 2*b = l - 1533 + 13493, l + 2 = 0. Suppose -621 = -10*k + b. What are the prime factors of k?
2, 3, 5, 11
Suppose 4*i + 40 = 140. Suppose -i = -28*a + 27*a. List the prime factors of (-12)/1*a/(-4) + 0.
3, 5
Let u(d) = d**3 + 16*d**2 + 10*d + 9. Let g be u(-12). Let j be (4/((-20)/3))/((-2)/20). Suppose -j*q + q = -g. What are the prime factors of q?
3, 31
Suppose 10*y + 4461 - 12931 = 0. Suppose 0 = 2*f - 4*j - 1690, 3*j = f - j - y. What are the prime factors of f?
3, 281
Let s = -77 + 78. Let v(r) = -3*r**3 - 2*r**2 + 3*r - 1. Let j be v(s). What are the prime factors of (3/j + 2)/(2/246)?
3, 41
Let f(s) = 2*s**2 - 158*s + 5265. List the prime factors of f(116).
11, 1259
Suppose -5*m - 3*y + 33 = -3*m, 4*m - 3*y = 93. Suppose 3*l = -m + 33. Suppose -133 = -0*x - 3*x + v, 5*v - 209 = -l*x. List the prime factors of x.
2, 23
Suppose -123*d = -9329347 + 2103343. List the prime factors of d.
2, 19, 773
Let f(c) = -3*c**2 - c + 99. Let y(g) be the third derivative of g**5/60 + g**4/8 + g**3/3 + 19*g**2. Let l be y(-2). What are the prime factors of f(l)?
3, 11
Suppose 0*y + 13 = -4*d + 3*y, -5*y + 15 = -5*d. Let r be d/(-56)*3244 + (-4)/(-14). Suppose 0*t - r = -4*t. What are the prime factors of t?
2, 29
Let p be 0 + 1/2*136/1. Suppose -2*d - 5*w + 521 = 0, -2*d - d + 771 = -3*w. Let h = d - p. List the prime factors of h.
2, 5, 19
Let q be 461*9/36*(0 - -4). Let o = q + -442. List the prime factors of o.
19
Suppose 1161*x = 1171*x - 61650. What are the prime factors of x?
3, 5, 137
Suppose -18*v = 3*l - 13*v - 2866, 3*l + 2*v = 2851. What are the prime factors of l?
947
What are the prime factors of (-6527*1 - (-2)/4)/(11/(-22))?
3, 19, 229
Let t be 6260 + 3 - (-1 - 4 - -11). Suppose 2*x - 3*u = 2518, -21*x - 2*u = -16*x - t. List the prime factors of x.
7, 179
List the prime factors of -11132*(17/(-2))/17.
2, 11, 23
Let m(b) = 6 - 39*b**2 - 6*b**2 + 62*b + 10*b**2 + b**3. What are the prime factors of m(34)?
2, 479
Let i = 42263 + -21018. List the prime factors of i.
5, 7, 607
Suppose 5454*h = 5473*h - 110979. What are the prime factors of h?
3, 11, 59
Suppose 75*f = 89*f - 29974. Suppose f = q + 5*u + 695, 4*q + 5*u - 5784 = 0. What are the prime factors of q?
2, 3, 241
Suppose -5*f - 8 = -2*m, 14 = -5*f - 6. Let c be 4 + 0 - (m + 7). Suppose 5*z + 118 = 6*z + 2*w, 354 = 3*z - c*w. What are the prime factors of z?
2, 59
Let u = -16 + 22. Let k(y) = -10*y - 14 - 7 - u*y**2 + 9*y**3 - 8*y**3. What are the prime factors of k(9)?
2, 3, 11
List the prime factors of (19 - 7456590/(-370)) + 2/37.
2, 3, 41
Let b = -24094 + 38572. What are the prime factors of b?
2, 3, 19, 127
Let h(m) = 172*m**3 + m**2 - 3*m + 3. Suppose 10*d = 7*d + 3. Let o be h(d). Suppose 3*v + o - 884 = 0. What are the prime factors of v?
3, 79
Let l = -197 - -140. Suppose -4*w - 392 = -3*z, -3*w = z + 138 + 169. Let i = l - w. What are the prime factors of i?
2, 11
Let v(x) = 36*x**3 + 3*x**2 - 873*x + 6078. List the prime factors of v(7).
2, 3, 31, 67
Let n(z) = 28*z**2 + 17*z + 33. Let h be n(-2). Let l = h - -321. What are the prime factors of l?
2, 3
Let u = 814 + 280. Let t = u - 579. List the prime factors of t.
5, 103
Let t be ((11 - 7) + -5)/(3/(-24)). What are the prime factors of (1722/t)/((-213)/(-568))?
2, 7, 41
Suppose 45 = -4*p - s, -33 = 4*p + s + 4*s. Let f be 3/((-33)/p - 2). Suppose -366 = -2*t + 2*o, -2*t - f*o + 355 - 13 = 0. List the prime factors of t.
179
Let b(i) = i**3 - 8*i**2 - 7*i - 18. Let v be b(9). Let c(w) = 5*w + 314. What are the prime factors of c(v)?
2, 157
Suppose 72*n - 3135 = 105*n. Suppose -1 - 3 = 2*w. What are the prime factors of 4 - (n + (0 - w))?
97
Suppose 0 = 2*c - 79 - 77. Suppose 2*l + 16 = c. Suppose 0 = l*f - 29*f - 8. List the prime factors of f.
2
Let p be 66/(-14) + (-8)/28. Let g be p/15*-6 - (-84 - -2). Suppose 48*v = 45*v + g. List the prime factors of v.
2, 7
Suppose -j + 110855 = 2*x, 52*j - 221740 = -4*x + 56*j. List the prime factors of x.
2, 5, 23, 241
Let o be 0 - -1 - (-2)/(8/12). Let q = o + 162. List the prime factors of q.
2, 83
Suppose -2*f + 107002 = -3*w, 4*f - 3*w - 5*w = 214016. What are the prime factors of f?
2, 43, 311
Let l(a) = -a**2 + 18*a + 68. Let g be l(30). Let d = g + 910. What are the prime factors of d?
2, 3, 103
Suppose 47637 = 14*p - 280550 - 883. What are the prime factors of p?
3, 5, 1567
Let s(v) = 68*v**2 + 104*v - 537. What are the prime factors of s(5)?
3, 11, 17
Suppose 0 = 68*f - 161686 - 302822. What are the prime factors of f?
3, 11, 23
Let g be (-3)/6*(6/(-1) - 0). Suppose -2*c = 5*d - 751, 713 = g*d + 2*c + 260. Suppose -5*t + 143 = 2*i, i + i - d = t. What are the prime factors of i?
2, 37
Suppose -2*j + 88 + 98 = 5*c, 4*c = -4*j + 156. Suppose w + 4*r = 332, w - 368 + c = -2*r. List the prime factors of w.
2, 83
Suppose -12